
Let x(o) = 3*o + 4. Suppose -36*f - 971 + 323 = 0. What is x(f)?
-50
Let x(g) = -9*g**3 + 22*g**2 - 6*g + 19. Let n(q) = 17*q**3 - 39*q**2 + 9*q - 37. Let h(f) = -8*n(f) - 15*x(f). Give h(-19).
30
Let m be ((-42)/4)/(21/42). Let h(r) = r**3 + 20*r**2 - 24*r - 22. Determine h(m).
41
Let g(n) = 3*n**2 - 34*n - 1046. Let j be g(25). Let t(s) = -6*s - 134. Give t(j).
-8
Let n(j) be the second derivative of j**5/20 - j**4/2 - j**3 - 9*j**2/2 - 1558*j. What is n(7)?
-2
Let l = 11340 - 11347. Let z(v) = -8*v - 39. What is z(l)?
17
Let u(f) be the first derivative of -f**2/2 - 8*f + 6. Suppose -934*h + 941*h = 0. What is u(h)?
-8
Suppose -n + 3*m = -37, -m = -5*n - 3*m + 100. Suppose -3 - 1 = 2*v - 2*i, n = 4*v + 2*i. Let d(k) = 12 + 5 - v - k. What is d(8)?
6
Let u = -390 + 383. Let r(l) = l**3 - l**2 - 57*l - 8. Calculate r(u).
-1
Let f = -2872862 - -2872868. Let v be (-2)/8 + 9/4. Let w(p) = -5*p + p - p**3 - 3 - 1 + 7*p**v. What is w(f)?
8
Let x be 20/(-70) - (-1040)/14. Let q = 86 - x. Let z(o) = q*o**2 + 1 + 8*o - 2*o + 18*o**2 - 26*o**2 - o**3. Calculate z(5).
6
Let k(q) = 4*q**2 - 1. Let z(a) = 7*a - 52. Let p be z(8). Suppose -2*t = -2*f - 4, -p*t - 19 = 6*f - f. Determine k(t).
3
Let a(q) = 3*q**3 + 2*q**2 + 9. Let l be 5/4 + (39/(-24))/(37/74). What is a(l)?
-7
Let k = -16 - 57. Let d = -61 - k. Suppose -5*c - d = c. Let r(v) = v**3 - v**2 - 2*v - 3. Calculate r(c).
-11
Let q(k) = -344*k**2 + 47*k + 376*k**2 + 12*k + k**3 - 34. Calculate q(-30).
-4
Let i(z) = -32*z**3 - 4*z**2 - 4*z - 6. Let n be i(-4). Let t(o) = -1994*o + 4 + n*o - 2*o**3 + o**3 - 4*o**2. Calculate t(-4).
4
Suppose 0 = 2*f + 2*f - 32. Let u(w) = -8*w**2 + 23*w**3 + 2*w + 1 - 2 - 2*w - 22*w**3 - w. Determine u(f).
-9
Suppose 96*h + 395 - 107 = 0. Let b(p) = p**3 - 10*p**2 - 38*p - 10. Give b(h).
-13
Let d(w) = -701*w**2 + 22*w - 3*w + 339*w**2 + 356*w**2 + 17 - w**3. Calculate d(-8).
-7
Let m(p) = 4*p**3 - p + 2. Let b(s) be the first derivative of 4*s**4 - s**3/3 - 2*s**2 + 9*s - 169. Let w(l) = 2*b(l) - 9*m(l). Calculate w(1).
-5
Let d(h) be the second derivative of h**5/20 - 5*h**4/12 + h**3/6 - 2*h**2 + 1437*h. Give d(5).
1
Let u(h) = h**2 - 6*h - 4. Let m(a) = 5 - 16 - 10*a + 5 + 2. Let x(s) = s**3 - 5*s + 1. Let c be x(2). Let f be m(c). Determine u(f).
-4
Let x(f) = f**3 + 40*f**2 + 39*f + 2. Suppose 326*z = -j + 331*z - 9, 0 = 3*z + 18. Give x(j).
2
Suppose 93*l - 150*l - 90 = -75*l. Let g(o) = -4*o + 4. Determine g(l).
-16
Let a(n) = -3*n**2 + 4. Let k(o) = -2*o**3 + 5*o**2 - 5*o - 10. Let r be k(-1). What is a(r)?
-8
Let i(f) = f**2 + 101*f - 307. Let p be i(3). Let g(d) = d**3 - 3*d**2 - 3*d + 8. Determine g(p).
43
Let q(a) be the first derivative of -a**4/4 + 17*a**3/3 - 26*a**2 - 4*a - 5760. What is q(13)?
-4
Let o(f) = 2*f**3 - 18524*f - 34 - 4 + 18554*f + 88*f**2 - 25*f**2. Calculate o(-31).
-7
Suppose 2*k - 4*s = 6, -3*k + 4*s + 8 + 1 = 0. Suppose 0 = k*d - 4*d + 9. Let n(y) = -5 + d + y**2 + 3 + 2 - 6*y. Determine n(6).
9
Let k(i) = 3*i + 6 + 3 - 2*i. Let w = -19547 - -19539. Determine k(w).
1
Let l(h) = -h**2 - 12*h + 25. Suppose -2*p - 3*w = 30, -4*p - 2*w + 0*w = 52. Give l(p).
25
Let f(d) = 8*d - 2*d**2 - 12*d - 12*d - 18 + 6*d - 10*d. Calculate f(-8).
14
Let t(s) = 10*s**3 - 24*s**2 + 6*s - 13. Let u(p) = 9*p**3 - 24*p**2 + 5*p - 11. Let y(d) = -5*t(d) + 6*u(d). Determine y(6).
-1
Let u(d) be the second derivative of d**4/12 + 4*d**3/3 + 15*d**2/2 - 59*d. Let v be u(-3). Let s(t) = -t**3 - t - 11. Determine s(v).
-11
Let c be (-71)/(1491/294) + 2*-3. Let s(k) = k - 8. What is s(c)?
-28
Let q(r) be the first derivative of -r**4/4 + 7*r**3/3 + 13*r**2/2 + 61*r - 3291. Determine q(9).
16
Let z(f) = -9*f**2 - 59*f - 8. Let p be z(-6). Let o(h) = -5*h**2 - 7*h + 28*h - p*h - 2. Determine o(2).
-24
Suppose -2*m = -0*m + 4. Let x = -18 + 21. Let b(h) = h**3 + 2*h**2 + 2. Let v(p) = p**3 + p**2 + 2. Let q(a) = x*v(a) - 2*b(a). Calculate q(m).
-10
Let h be 7/4 - 11/(-44). Let p(x) = 302*x - 154*x - x**h - 7 - 155*x. Determine p(-5).
3
Let y(i) be the second derivative of -i**4/24 + i**3/3 + 3*i**2 - 3*i. Let j(t) be the first derivative of y(t). Let f = -835 + 842. Calculate j(f).
-5
Let v(k) be the second derivative of 2*k**3/3 + 34*k**2 + 920*k. Give v(-19).
-8
Suppose 2*o + 5 = 3*t + 3*o, -4*t + 5*o + 32 = 0. Let w(u) = 2*u + 12*u**3 + 26*u**2 - 1 - 14*u**t - 29*u**2. Determine w(-3).
20
Let n(z) = -z**3 + 13*z**2 + 13*z + 18. Let k be n(14). Let v(w) be the first derivative of -10 + 2*w**2 - 1/3*w**3 - 3*w. Determine v(k).
-3
Let b(v) = -v**2 + 16*v + 103. Let n = 8978 - 8957. Calculate b(n).
-2
Suppose 0 = 4*v - 10*v + 60. Let z(n) = n**3 - 10*n**2 - 2*n + 18. Let x be z(v). Let u(p) = -4*p - 5*p**2 - 3 - p**3 - 3*p**3 + 3*p**3. Calculate u(x).
-7
Let k be 1/(-30)*-6*10. Suppose 0 = 4*r - 2*r - k*b - 28, 2*b + 55 = 5*r. Let j(p) = -p - 2. Calculate j(r).
-11
Let j be (-7)/(-6 + 8 + (1 + -3)/2). Let u(t) = -t**3 - 6*t**2 + 6*t - 9. Give u(j).
-2
Let b(v) = 6*v + 1. Let n(l) = -6*l - 1. Let t(x) = -3*b(x) - 4*n(x). Let i be (10/(-8) + 2)*(1518/(-99) + 14). Give t(i).
-5
Let a(z) = z**2 + 0*z**2 + 7*z + 8*z - 5*z + 9. Suppose 6*f - 3 = -3*x - 39, 0 = -3*x + 12. What is a(f)?
-7
Suppose 2*q - 7 = -3*x + 3*q, q + 11 = 4*x. Suppose -363 = 12*n + 21*n. Let d = n + x. Let l(m) = m + 11. Calculate l(d).
4
Let r(y) be the first derivative of y**5/30 + 3*y**4/8 + 13*y**2/2 - 58. Let l(t) be the second derivative of r(t). Calculate l(-6).
18
Let t = 2 + 1. Let y(c) be the third derivative of 0 - 1/24*c**4 + 1/2*c**3 + 84*c**2 + 0*c. Calculate y(t).
0
Let j = 160 - 157. Suppose -r - 1 = -5*n, 0*r - 3*r - 4*n - j = 0. Let d(o) = -5*o**3 - o**2. Determine d(r).
4
Suppose -4*n + 3*n + 14 = 0. Suppose 89*j = 98*j - 72. Suppose j*l + n = -26. Let a(k) = k**2 + 2*k - 6. Calculate a(l).
9
Let t be 62/4 + (-1)/(-2). Suppose 725*y = 738*y + 1040. Let x be ((0 + -1)/(-1))/(t/y). Let b(j) = j**2 + 6*j + 7. Give b(x).
2
Let u(t) = 49*t**2 + 3*t - 4. Let z be u(-2). Let b = z - 188. Let v(g) = -7*g. Calculate v(b).
14
Let d(s) = 10*s - 7. Suppose 0 = -26*x - 197 + 405. Calculate d(x).
73
Let g(u) be the second derivative of -3/2*u**2 + 4/3*u**3 - 139 - 2*u - 1/4*u**4. Give g(2).
1
Let o = -12511 + 12499. Let v(c) = 9*c + 105. Give v(o).
-3
Suppose 66 = -3*p - 0*p. Let g(v) = v**3 + 8*v**2 - 4*v - 10. Let o be g(-8). Let j = o + p. Let d(m) = m**2 + m + 3. Calculate d(j).
3
Let o(l) = l - 5. Suppose t = -3*t + 2*u + 258, -2*t + 133 = -5*u. Suppose -7*q + t - 15 = 0. What is o(q)?
2
Let h(x) = 3*x**2 + 2*x - 2. Suppose 0 = -r - 4 + 62. Let k = 1526 - 1526. Suppose -r*d + 56*d + 4 = k. What is h(d)?
14
Let a(j) = 5*j - 12. Suppose 158*f - 162*f = 28. Let u(b) be the second derivative of b**3 - 6*b**2 + b. Let r(t) = f*a(t) + 6*u(t). Determine r(0).
12
Let n(r) = 71*r - 7. Let p(t) = -61*t + 6. Let f(m) = 6*n(m) + 7*p(m). Calculate f(-12).
12
Let z(p) be the third derivative of p**5/60 + 11*p**4/24 - 13*p**3/6 - p**2. Let g(r) = 15*r**3 + 111*r**2 - 73*r - 20. Let q be g(-8). Give z(q).
-1
Let u(s) = s**3 - 4*s**2 - 3*s - 3. Let v be (-222)/1221 - (228/(-44) - 1). Determine u(v).
51
Let q(i) be the third derivative of 0*i + 1/2*i**3 + 0 + 1/24*i**4 - 56*i**2. Calculate q(-3).
0
Let t(j) = -j + 3. Let y(v) be the third derivative of v**5/20 + v**4/4 + 5*v**3/6 + 75*v**2. Let b be y(-2). Calculate t(b).
-2
Let v(r) = r + 3*r**2 - 5*r**2 + 3 + r**2. Let c = 91 + -73. Suppose -23*g + 15 = -c*g. Calculate v(g).
-3
Let p = -25 - -27. Let a(m) = -4*m**p + 27*m - 59*m - m**3 - 1 + 26*m. Give a(-4).
23
Suppose 36 = -40*t + 156. Let n(k) = -12*k**t + 4 + 7*k**2 + 7*k + 13*k**3 - 2. What is n(-5)?
17
Suppose -8*b = -2*p - 9*b + 1676, -4*p = 5*b - 3358. Let t(c) = 417*c + 20 - p*c + 419*c. Determine t(9).
11
Let f be 3 - 1 - (0 - 1). Let v(n) = 10*n**2 - 17*n - 13. Let t(k) = -7*k**2 + 12*k + 9. Let i(z) = -7*t(z) - 5*v(z). Determine i(f).
-4
Let q(p) = 13*p**2 + 55*p + 207. Let h(n) = -27*n**2 - 112*n - 448. Let c(b) = 6*h(b) + 13*q(b). What is c(-6)?
-3
Let p(l) be the third derivative of 203*l**2 + 0 + 1/24*l**4 + 0*l + 7/6*l**3. Suppose -8 = -3*j - 29. Give p(j).
0
Let h(b) = 216*b + b**2 + 8 + 0 - 207*b. Suppose -16 = 10*l - 6*l - 4*i, 3*i = 4*l + 20. Determine h(l).
0
Let s(n) = -n**2